 718183185?
3, 5, 19, 2519941
List the prime factors of 1815104558.
2, 73, 107, 116189
List the prime factors of 54416552.
2, 503, 13523
List the prime factors of 4815100042.
2, 19, 8713, 14543
List the prime factors of 66186989.
11, 6016999
What are the prime factors of 292350003?
3, 11, 17, 61, 8543
List the prime factors of 421200530.
2, 5, 42120053
What are the prime factors of 194233601?
194233601
What are the prime factors of 2320526731?
31, 74855701
List the prime factors of 2450771109.
3, 37, 7359673
What are the prime factors of 2301566115?
3, 5, 153437741
List the prime factors of 1570575828.
2, 3, 9901, 13219
List the prime factors of 15209635.
5, 7, 434561
What are the prime factors of 3889094667?
3, 19, 4951, 13781
What are the prime factors of 359679255?
3, 5, 13, 71, 83, 313
List the prime factors of 243887494.
2, 9923, 12289
List the prime factors of 228148869.
3, 13, 67, 87313
What are the prime factors of 3827888753?
13, 294452981
What are the prime factors of 208350782?
2, 983, 105977
List the prime factors of 49923927.
3, 89, 62327
List the prime factors of 1192175972.
2, 13, 103, 222587
What are the prime factors of 367558763?
11, 13, 53, 48497
What are the prime factors of 189437644?
2, 11, 4305401
What are the prime factors of 28964274?
2, 3, 467, 10337
What are the prime factors of 3574453616?
2, 1117, 200003
What are the prime factors of 3090546693?
3, 13, 37, 713917
What are the prime factors of 31960214?
2, 11, 13, 10159
List the prime factors of 2201241814.
2, 37, 193, 154127
List the prime factors of 6186502440.
2, 3, 5, 5728243
List the prime factors of 2454649453.
43, 67, 852013
What are the prime factors of 1747677248?
2, 17, 1606321
List the prime factors of 82625395.
5, 19, 263, 3307
What are the prime factors of 91640346?
2, 3, 7, 461, 4733
List the prime factors of 104671883.
1319, 79357
What are the prime factors of 1262994980?
2, 5, 13, 19, 255667
List the prime factors of 899599768.
2, 10159, 11069
What are the prime factors of 2062319429?
67, 1907, 16141
List the prime factors of 3263094586.
2, 443, 547, 6733
List the prime factors of 120529352.
2, 79, 190711
List the prime factors of 288672622.
2, 7, 2945639
What are the prime factors of 227736543?
3, 8263, 9187
List the prime factors of 71179403.
41, 233, 7451
List the prime factors of 1523474831.
503, 1693, 1789
List the prime factors of 3978862673.
37, 107536829
What are the prime factors of 654173607?
3, 743, 293483
What are the prime factors of 137112821?
23, 5961427
List the prime factors of 2257937379.
3, 9643, 26017
List the prime factors of 2186808729.
3, 7, 487, 213827
What are the prime factors of 18934977?
3, 6311659
List the prime factors of 15562469.
13, 1197113
What are the prime factors of 1737607585?
5, 7, 151, 328781
List the prime factors of 831214370.
2, 5, 7, 53, 224047
What are the prime factors of 76376942?
2, 3359, 11369
List the prime factors of 114810258.
2, 3, 43, 445001
List the prime factors of 64915247.
64915247
List the prime factors of 91485938.
2, 97, 409, 1153
What are the prime factors of 7572632569?
29, 97, 107, 139, 181
What are the prime factors of 56394041?
11, 1483, 3457
What are the prime factors of 216709533?
3, 739, 10861
List the prime factors of 1065707124.
2, 3, 88808927
List the prime factors of 46241162.
2, 11, 2101871
What are the prime factors of 5728443738?
2, 3, 954740623
List the prime factors of 327037429.
2543, 128603
What are the prime factors of 168576282?
2, 3, 7, 445969
What are the prime factors of 589831251?
3, 23, 103, 149, 557
List the prime factors of 409830623.
1249, 328127
List the prime factors of 632559294.
2, 3, 23, 169769
List the prime factors of 43558346.
2, 13, 1675321
List the prime factors of 524112793.
61, 67, 128239
What are the prime factors of 18339563?
11, 1667233
List the prime factors of 356608906.
2, 178304453
What are the prime factors of 664139580?
2, 3, 5, 13, 65497
What are the prime factors of 233987997?
3, 6317, 12347
What are the prime factors of 507959217?
3, 6037, 9349
List the prime factors of 639789681.
3, 37, 5763871
What are the prime factors of 1639364605?
5, 137, 2393233
List the prime factors of 103438863.
3, 11, 17, 6829
What are the prime factors of 63345379?
63345379
List the prime factors of 232705011.
3, 7, 11, 1007381
List the prime factors of 1079153375.
5, 953, 9059
List the prime factors of 1572780361.
1572780361
List the prime factors of 85077543.
3, 28359181
List the prime factors of 91143878.
2, 7, 6510277
List the prime factors of 2720917431.
3, 29, 191, 54581
List the prime factors of 129630834.
2, 3, 2400571
List the prime factors of 6478954.
2, 479, 6763
What are the prime factors of 1111387515?
3, 5, 7, 463, 22861
List the prime factors of 56079899.
31, 1809029
What are the prime factors of 1321973?
37, 35729
What are the prime factors of 545180531?
7, 17, 43, 106543
List the prime factors of 1954077228.
2, 3, 107, 507289
What are the prime factors of 1344000198?
2, 3, 353, 487, 1303
List the prime factors of 194337409.
7, 27762487
What are the prime factors of 2257529913?
3, 1429, 58511
List the prime factors of 1065489267.
3, 355163089
List the prime factors of 20990921.
7, 733, 4091
What are the prime factors of 1571775355?
5, 37, 8496083
List the prime factors of 707845089.
3, 7, 1061, 31769
List the prime factors of 52006726.
2, 23, 1130581
What are the prime factors of 23550059?
13, 29, 62467
List the prime factors of 2169221003.
673, 3223211
What are the prime factors of 2116507087?
29, 72983003
What are the prime factors of 87087258?
2, 3, 1612727
List the prime factors of 291782592.
2, 3, 37, 13691
List the prime factors of 29692260.
2, 3, 5, 13, 12689
List the prime factors of 48408730.
2, 5, 271, 17863
What are the prime factors of 444458798?
2, 7, 173, 183509
What are the prime factors of 1201509338?
2, 113, 1597, 3329
List the prime factors of 517289925.
3, 5, 6897199
List the prime factors of 1010723999.
1010723999
List the prime factors of 131709264.
2, 3, 2743943
What are the prime factors of 893442458?
2, 47, 9504707
List the prime factors of 2257926303.
3, 9137, 82373
What are the prime factors of 891973661?
47, 18978163
List the prime factors of 2446676962.
2, 389, 3144829
What are the prime factors of 6041803?
47, 128549
What are the prime factors of 855137397?
3, 285045799
List the prime factors of 279646338.
2, 3, 53, 879391
What are the prime factors of 70087057?
70087057
List the prime factors of 100844206.
2, 50422103
List the prime factors of 4336572445.
5, 19, 1373, 33247
List the prime factors of 152632313.
31, 97, 193, 263
What are the prime factors of 25941084?
2, 3, 13, 166289
List the prime factors of 260359583.
11, 2861, 8273
What are the prime factors of 124134408?
2, 3, 17, 37, 2741
List the prime factors of 104905713.
3, 11, 3178961
List the prime factors of 2317926085.
5, 23, 2879, 7001
List the prime factors of 227997448.
2, 7, 4071383
List the prime factors of 194643644.
2, 13, 691, 5417
List the prime factors of 32455563.
3, 7, 1545503
What are the prime factors of 895974750?
2, 3, 5, 11, 1097
What are the prime factors of 31419091?
11, 1063, 2687
What are the prime factors of 17577313?
13, 23, 58787
List the prime factors of 953712752.
2, 19, 499, 6287
List the prime factors of 2640311254.
2, 7, 188593661
List the prime factors of 443159236.
2, 13, 655561
List the prime factors of 948128578.
2, 474064289
List the prime factors of 268906379.
7, 109, 197, 1789
List the prime factors of 552787846.
2, 13, 31, 52757
What are the prime factors of 2173992510?
2, 3, 5, 6863, 10559
What are the prime factors of 33936597?
3, 1256911
List the prime factors of 57213774.
2, 3, 3178543
What are the prime factors of 2695126774?
2, 29, 46467703
What are the prime factors of 321558577?
151, 2129527
List the prime factors of 714224038.
2, 11, 359, 8221
List the prime factors of 99960421.
11, 37, 449, 547
What are the prime factors of 20156314?
2, 10078157
What are the prime factors of 507006635?
5, 191, 530897
What are the prime factors of 344217538?
2, 7, 24586967
List the prime factors of 107884201.
107884201
List the prime factors of 21210926.
2, 11, 964133
List the prime factors of 756172533.
3, 252057511
Li